mmon divisor of 48 and 1716.
12
Calculate the greatest common divisor of 17 and 18649.
17
What is the greatest common divisor of 39 and 65?
13
What is the greatest common divisor of 836 and 228?
76
What is the greatest common divisor of 282 and 752?
94
Calculate the highest common divisor of 9 and 810.
9
What is the highest common divisor of 22 and 4928?
22
Calculate the highest common factor of 1276 and 11.
11
What is the highest common factor of 67 and 938?
67
What is the greatest common divisor of 462 and 5313?
231
Calculate the highest common divisor of 39342 and 6.
6
Calculate the highest common factor of 57 and 147.
3
Calculate the highest common factor of 833 and 17.
17
What is the highest common divisor of 16 and 116?
4
What is the greatest common divisor of 38 and 950?
38
Calculate the greatest common factor of 26 and 403.
13
Calculate the greatest common factor of 37 and 259.
37
What is the greatest common divisor of 163 and 1?
1
Calculate the highest common factor of 2970 and 105.
15
Calculate the greatest common factor of 1428 and 756.
84
Calculate the greatest common factor of 365 and 949.
73
What is the highest common factor of 8534 and 170?
34
What is the greatest common factor of 99 and 77?
11
What is the greatest common divisor of 24 and 34?
2
Calculate the greatest common factor of 91 and 21.
7
Calculate the highest common factor of 36 and 81.
9
Calculate the greatest common factor of 52 and 130.
26
Calculate the highest common factor of 1188 and 220.
44
What is the highest common divisor of 36 and 468?
36
Calculate the highest common divisor of 42 and 48.
6
Calculate the greatest common factor of 80 and 5.
5
What is the highest common divisor of 12294 and 126?
18
What is the greatest common divisor of 1192 and 48?
8
What is the highest common divisor of 203 and 145?
29
What is the greatest common factor of 1014 and 468?
78
What is the highest common factor of 14 and 280?
14
Calculate the greatest common divisor of 55 and 440.
55
What is the highest common factor of 16 and 656?
16
What is the greatest common divisor of 423 and 9?
9
What is the highest common divisor of 13 and 325?
13
What is the highest common divisor of 88 and 64?
8
Calculate the highest common divisor of 5 and 7265.
5
Calculate the highest common factor of 3040 and 76.
76
What is the highest common factor of 13254 and 6?
6
Calculate the highest common factor of 2190 and 1606.
146
What is the greatest common divisor of 81 and 36?
9
What is the highest common factor of 179 and 179?
179
What is the highest common divisor of 3861 and 1001?
143
Calculate the greatest common factor of 4 and 554.
2
What is the highest common factor of 117 and 52?
13
What is the greatest common divisor of 51 and 2499?
51
What is the greatest common factor of 221 and 17?
17
Calculate the greatest common factor of 966 and 105.
21
What is the greatest common factor of 1258 and 851?
37
Calculate the highest common divisor of 273 and 10023.
39
Calculate the highest common divisor of 7 and 203.
7
Calculate the highest common divisor of 81 and 45.
9
Calculate the greatest common factor of 35 and 1575.
35
What is the highest common factor of 129 and 301?
43
What is the greatest common factor of 1075 and 25?
25
What is the greatest common factor of 126 and 294?
42
Calculate the greatest common divisor of 209 and 88.
11
Calculate the highest common divisor of 30 and 48.
6
What is the highest common divisor of 1512 and 8?
8
Calculate the highest common divisor of 99 and 22.
11
Calculate the highest common divisor of 88 and 154.
22
Calculate the highest common factor of 330 and 2772.
66
Calculate the highest common factor of 434 and 14.
14
What is the highest common divisor of 2106 and 162?
162
Calculate the highest common factor of 36 and 5400.
36
Calculate the highest common factor of 114 and 12.
6
Calculate the highest common factor of 1681 and 41.
41
Calculate the greatest common divisor of 1624 and 87.
29
Calculate the highest common factor of 533 and 656.
41
What is the highest common divisor of 159 and 212?
53
Calculate the greatest common divisor of 92 and 161.
23
Calculate the highest common divisor of 24 and 704.
8
What is the highest common divisor of 85 and 25?
5
What is the highest common factor of 213 and 15?
3
Calculate the highest common factor of 255 and 22695.
255
What is the highest common divisor of 4028 and 4876?
212
Calculate the greatest common divisor of 132 and 384.
12
Calculate the greatest common divisor of 147 and 3507.
21
What is the highest common factor of 1356 and 12?
12
Calculate the highest common factor of 20 and 35.
5
What is the greatest common factor of 17765 and 165?
55
What is the greatest common factor of 144 and 50904?
72
Calculate the highest common divisor of 117 and 1209.
39
What is the highest common factor of 303 and 6?
3
What is the highest common divisor of 48 and 28?
4
What is the highest common factor of 34 and 102?
34
Calculate the highest common factor of 11 and 10582.
11
Calculate the greatest common divisor of 1035 and 30.
15
What is the highest common factor of 1196 and 52?
52
What is the highest common factor of 444 and 2388?
12
What is the greatest common factor of 621 and 27?
27
Calculate the greatest common divisor of 670 and 7638.
134
What is the greatest common factor of 86 and 59168?
86
Calculate the greatest common factor of 356 and 64.
4
Calculate the highest common factor of 138 and 184.
46
Calculate the highest common divisor of 100 and 275.
25
Calculate the greatest common divisor of 408 and 48.
24
What is the highest common factor of 4416 and 92?
92
Calculate the highest common factor of 1974 and 14.
14
What is the greatest common factor of 1184 and 222?
74
Calculate the highest common divisor of 156 and 636.
12
Calculate the greatest common divisor of 54 and 1458.
54
Calculate the greatest common factor of 3162 and 102.
102
Calculate the highest common divisor of 13 and 65.
13
Calculate the greatest common factor of 34 and 18.
2
Calculate the greatest common divisor of 36 and 1824.
12
Calculate the greatest common divisor of 371 and 2014.
53
Calculate the highest common divisor of 169 and 2873.
169
Calculate the highest common factor of 115 and 50.
5
What is the greatest common factor of 64 and 64?
64
Calculate the greatest common factor of 33 and 231.
33
What is the greatest common factor of 330 and 150?
30
What is the highest common factor of 391 and 46?
23
What is the highest common factor of 65 and 13?
13
Calculate the greatest common factor of 31150 and 100.
50
Calculate the greatest common factor of 35 and 10605.
35
Calculate the highest common factor of 4334 and 22.
22
Calculate the highest common divisor of 60 and 6.
6
What is the greatest common factor of 27 and 828?
9
What is the greatest common factor of 171 and 2964?
57
Calculate the highest common factor of 12 and 1252.
4
Calculate the highest common factor of 122 and 61.
61
Calculate the greatest common divisor of 25 and 485.
5
What is the highest common factor of 5 and 90?
5
What is the highest common divisor of 57 and 57?
57
Calculate the greatest common divisor of 2040 and 40.
40
What is the highest common divisor of 64 and 144?
16
What is the highest common divisor of 2937 and 33?
33
What is the greatest common divisor of 1624 and 24766?
406
Calculate the highest common factor of 49 and 833.
49
What is the highest common divisor of 67 and 66665?
67
Calculate the greatest common factor of 585 and 26.
13
Calculate the highest common factor of 667 and 1421.
29
Calculate the highest common factor of 13 and 8.
1
What is the greatest common divisor of 171 and 9?
9
Calculate the greatest common divisor of 8756 and 44.
44
Calculate the highest common divisor of 134 and 5226.
134
What is the highest common factor of 15 and 785?
5
What is the highest common factor of 2 and 23?
1
Calculate the highest common factor of 1501 and 247.
19
Calculate the greatest common factor of 30 and 195.
15
Calculate the greatest common factor of 25 and 2360.
5
What is the greatest common factor of 798 and 76?
38
What is the highest common factor of 2860 and 2990?
130
Calculate the greatest common factor of 2364 and 12.
12
Calculate the highest common divisor of 27 and 27.
27
Calcu